of 12772508?
2
What is the ten thousands digit of 565810?
6
What is the units digit of 3591968?
8
What is the thousands digit of 787716?
7
What is the thousands digit of 594640?
4
What is the tens digit of 24609?
0
What is the ten thousands digit of 144299?
4
What is the tens digit of 2854174?
7
What is the tens digit of 97321?
2
What is the hundreds digit of 34709?
7
What is the tens digit of 116989?
8
What is the hundred thousands digit of 526234?
5
What is the units digit of 583567?
7
What is the hundred thousands digit of 969969?
9
What is the units digit of 317330?
0
What is the thousands digit of 5042437?
2
What is the tens digit of 15670804?
0
What is the hundred thousands digit of 163239?
1
What is the hundreds digit of 62229?
2
What is the thousands digit of 1923517?
3
What is the tens digit of 131186?
8
What is the millions digit of 2882818?
2
What is the thousands digit of 3480?
3
What is the hundreds digit of 266504?
5
What is the thousands digit of 2022354?
2
What is the ten thousands digit of 1113556?
1
What is the hundreds digit of 458447?
4
What is the thousands digit of 6210077?
0
What is the tens digit of 2328504?
0
What is the tens digit of 2139231?
3
What is the ten thousands digit of 15366833?
6
What is the hundreds digit of 27935725?
7
What is the ten thousands digit of 12798407?
9
What is the units digit of 7607231?
1
What is the tens digit of 36355?
5
What is the tens digit of 1282630?
3
What is the ten thousands digit of 6354227?
5
What is the units digit of 4776294?
4
What is the hundreds digit of 714630?
6
What is the hundreds digit of 784569?
5
What is the hundreds digit of 11769805?
8
What is the units digit of 9422828?
8
What is the ten thousands digit of 11973488?
7
What is the ten thousands digit of 1465842?
6
What is the units digit of 584292?
2
What is the units digit of 5588667?
7
What is the tens digit of 229989?
8
What is the thousands digit of 392950?
2
What is the thousands digit of 3517620?
7
What is the ten millions digit of 13350678?
1
What is the thousands digit of 533215?
3
What is the hundred thousands digit of 1832240?
8
What is the hundreds digit of 10394680?
6
What is the thousands digit of 564798?
4
What is the thousands digit of 2813758?
3
What is the units digit of 733659?
9
What is the ten thousands digit of 852711?
5
What is the tens digit of 1007241?
4
What is the ten thousands digit of 7514632?
1
What is the millions digit of 5716126?
5
What is the hundreds digit of 8291685?
6
What is the units digit of 2060596?
6
What is the thousands digit of 11977220?
7
What is the hundred thousands digit of 674411?
6
What is the hundred thousands digit of 1871961?
8
What is the units digit of 3240305?
5
What is the units digit of 595788?
8
What is the thousands digit of 4274532?
4
What is the ten thousands digit of 514089?
1
What is the thousands digit of 2172269?
2
What is the hundreds digit of 480817?
8
What is the millions digit of 11229489?
1
What is the hundred thousands digit of 2229383?
2
What is the hundreds digit of 299006?
0
What is the hundreds digit of 1737884?
8
What is the ten thousands digit of 635862?
3
What is the ten thousands digit of 1943113?
4
What is the units digit of 2177303?
3
What is the millions digit of 3580261?
3
What is the units digit of 2265701?
1
What is the thousands digit of 14058939?
8
What is the hundreds digit of 603927?
9
What is the millions digit of 2523204?
2
What is the tens digit of 1061204?
0
What is the tens digit of 194309?
0
What is the ten thousands digit of 4776553?
7
What is the ten thousands digit of 35796?
3
What is the thousands digit of 266572?
6
What is the thousands digit of 218834?
8
What is the tens digit of 525438?
3
What is the hundreds digit of 28316202?
2
What is the thousands digit of 235584?
5
What is the hundred thousands digit of 711975?
7
What is the units digit of 887816?
6
What is the ten millions digit of 10532124?
1
What is the ten thousands digit of 982825?
8
What is the millions digit of 5754809?
5
What is the thousands digit of 37213?
7
What is the millions digit of 2508256?
2
What is the millions digit of 2307083?
2
What is the hundreds digit of 2299436?
4
What is the millions digit of 4773757?
4
What is the hundred thousands digit of 2847661?
8
What is the units digit of 1085232?
2
What is the units digit of 333774?
4
What is the hundreds digit of 3701954?
9
What is the hundreds digit of 2238289?
2
What is the hundreds digit of 652787?
7
What is the ten thousands digit of 430565?
3
What is the hundreds digit of 75398?
3
What is the thousands digit of 533917?
3
What is the units digit of 22379214?
4
What is the hundred thousands digit of 267693?
2
What is the hundred thousands digit of 261090?
2
What is the thousands digit of 1168426?
8
What is the units digit of 3740472?
2
What is the millions digit of 5512936?
5
What is the ten thousands digit of 9960733?
6
What is the thousands digit of 2072274?
2
What is the thousands digit of 270261?
0
What is the hundred thousands digit of 827445?
8
What is the tens digit of 7306265?
6
What is the millions digit of 7724254?
7
What is the tens digit of 7729451?
5
What is the ten thousands digit of 532397?
3
What is the thousands digit of 141280?
1
What is the thousands digit of 4207344?
7
What is the units digit of 17237724?
4
What is the hundred thousands digit of 5984541?
9
What is the tens digit of 766400?
0
What is the hundreds digit of 9081410?
4
What is the hundreds digit of 3892188?
1
What is the millions digit of 13289244?
3
What is the units digit of 16951742?
2
What is the hundreds digit of 1935981?
9
What is the hundreds digit of 938331?
3
What is the thousands digit of 1140601?
0
What is the tens digit of 4990246?
4
What is the tens digit of 165801?
0
What is the hundreds digit of 1354428?
4
What is the units digit of 177453?
3
What is the ten thousands digit of 320431?
2
What is the hundred thousands digit of 425530?
4
What is the hundreds digit of 2020929?
9
What is the hundred thousands digit of 247140?
2
What is the tens digit of 621415?
1
What is the hundreds digit of 1316017?
0
What is the hundred thousands digit of 674024?
6
What is the tens digit of 12843303?
0
What is the hundred thousands digit of 8734386?
7
What is the hundreds digit of 21363207?
2
What is the hundreds digit of 1305011?
0
What is the thousands digit of 57183?
7
What is the ten thousands digit of 8301888?
0
What is the ten thousands digit of 255278?
5
What is the millions digit of 15945947?
5
What is the ten millions digit of 20310667?
2
What is the tens digit of 2529637?
3
What is the millions digit of 37937441?
7
What is the ten thousands digit of 4429009?
2
What is the thousands digit of 564440?
4
What is the units digit of 92155?
5
What is the hundred thousands digit of 6054359?
0
What is the thousands digit of 1140379?
0
What is the hundred thousands digit of 512996?
5
What is the millions digit of 13882366?
3
What is the hundreds digit of 682879?
8
What is the thousands digit of 896931?
6
What is the tens digit of 511331?
3
What is the tens digit of 7011311?
1
What is the tens digit of 148922?
2
What is the units digit of 2252658?
8
What is the hundreds digit of 5524918?
9
What is the hundreds digit of 588412?
4
What is the thousands digit of 108984?
8
What is the ten thousands digit of 2812418?
1
What is the units digit of 3544391?
1
What is the ten millions digit of 31094820?
3
What is the units digit of 394950?
0
What is the hundred thousands digit of 405690?
4
What is the ten thousands digit of 1868010?
6
What is the units digit of 36943370?
0
What is the units digit of 2726746?
6
What is the units digit of 71729?
9
What is the thousands digit of 17948838?
8
What is the hundred thousands digit of 368939?
3
What is the units digit of 119280?
0
What is the units digit of 190283?
3
What is the hundred thousands digit of 4949079?
9
What is the units digit of 985247?
7
What is the tens digit of 8305285?
8
What is the units digit of 6811095?
5
What is the ten thousands digit of 34769187?
6
What is the tens digit of 4972868?
6
What is the thousands digit of 223074?
3
What is the units digit of 202878?
8
What is the hundred thousands digit of 6432888?
4
What is the thousands digit of 80188?
0
W